{"id":7,"date":"2013-05-12T11:02:23","date_gmt":"2013-05-12T11:02:23","guid":{"rendered":"http:\/\/domusdecem.wordpress.com\/?page_id=1"},"modified":"2013-07-12T11:59:56","modified_gmt":"2013-07-12T11:59:56","slug":"about","status":"publish","type":"page","link":"https:\/\/domusdecem.com\/?page_id=7","title":{"rendered":"OFICINA T\u00c9CNICA"},"content":{"rendered":"<p>En nuestra oficina t\u00e9cnica ofrecemos una serie de servicios profesionales especializados de gesti\u00f3n y\u00a0asesoramiento\u00a0<span style=\"font-size:1rem;\">en el \u00e1mbito de la administraci\u00f3n p\u00fablica o la promoci\u00f3n privada,\u00a0<\/span><span style=\"line-height:1.714285714;font-size:1rem;\">mediante el estudio, an\u00e1lisis y redacci\u00f3n de documentos o certificados t\u00e9cnicos.<\/span><\/p>\n<p><strong style=\"font-size:13px;\">SERVICIOS:<\/strong><\/p>\n<p><strong>Informes t\u00e9cnicos __<\/strong>C\u00e9dulas de habitabilidad __<strong>Valoraciones __<\/strong>Licencias de obras __<strong>certificados de eficiencia energ\u00e9tica<\/strong> __mediciones y certificaciones de obra __<strong>estudios y proyectos de seguridad y salud<\/strong><\/p>\n","protected":false},"excerpt":{"rendered":"<p>En nuestra oficina t\u00e9cnica ofrecemos una serie de servicios profesionales especializados de gesti\u00f3n y\u00a0asesoramiento\u00a0en el \u00e1mbito de la administraci\u00f3n p\u00fablica o la promoci\u00f3n privada,\u00a0mediante el estudio, an\u00e1lisis y redacci\u00f3n de documentos o certificados t\u00e9cnicos. SERVICIOS: Informes t\u00e9cnicos __C\u00e9dulas de habitabilidad __Valoraciones __Licencias de obras __certificados de eficiencia energ\u00e9tica __mediciones y certificaciones de obra __estudios y [&hellip;]<\/p>\n","protected":false},"author":3,"featured_media":0,"parent":70,"menu_order":1,"comment_status":"closed","ping_status":"closed","template":"page-templates\/full-width.php","meta":{"footnotes":""},"class_list":["post-7","page","type-page","status-publish","hentry"],"aioseo_notices":[],"_links":{"self":[{"href":"https:\/\/domusdecem.com\/index.php?rest_route=\/wp\/v2\/pages\/7","targetHints":{"allow":["GET"]}}],"collection":[{"href":"https:\/\/domusdecem.com\/index.php?rest_route=\/wp\/v2\/pages"}],"about":[{"href":"https:\/\/domusdecem.com\/index.php?rest_route=\/wp\/v2\/types\/page"}],"author":[{"embeddable":true,"href":"https:\/\/domusdecem.com\/index.php?rest_route=\/wp\/v2\/users\/3"}],"replies":[{"embeddable":true,"href":"https:\/\/domusdecem.com\/index.php?rest_route=%2Fwp%2Fv2%2Fcomments&post=7"}],"version-history":[{"count":1,"href":"https:\/\/domusdecem.com\/index.php?rest_route=\/wp\/v2\/pages\/7\/revisions"}],"predecessor-version":[{"id":252,"href":"https:\/\/domusdecem.com\/index.php?rest_route=\/wp\/v2\/pages\/7\/revisions\/252"}],"up":[{"embeddable":true,"href":"https:\/\/domusdecem.com\/index.php?rest_route=\/wp\/v2\/pages\/70"}],"wp:attachment":[{"href":"https:\/\/domusdecem.com\/index.php?rest_route=%2Fwp%2Fv2%2Fmedia&parent=7"}],"curies":[{"name":"wp","href":"https:\/\/api.w.org\/{rel}","templated":true}]}}